e remainder when 937311 is divided by 78109?
3
Calculate the remainder when 192717709 is divided by 30.
19
Calculate the remainder when 451407 is divided by 16120.
47
What is the remainder when 18621733 is divided by 11?
9
What is the remainder when 442368 is divided by 2366?
2292
Calculate the remainder when 4829988 is divided by 2414983.
22
Calculate the remainder when 1125377 is divided by 125041.
8
What is the remainder when 55941 is divided by 416?
197
What is the remainder when 28577800 is divided by 28577790?
10
What is the remainder when 21245144 is divided by 1225?
1194
What is the remainder when 34352 is divided by 6329?
2707
Calculate the remainder when 75251146 is divided by 11.
3
What is the remainder when 22756280 is divided by 57?
56
What is the remainder when 376144 is divided by 62684?
40
What is the remainder when 108011140 is divided by 36003711?
7
What is the remainder when 810182 is divided by 810165?
17
Calculate the remainder when 442240 is divided by 819.
799
What is the remainder when 5293885 is divided by 2452?
17
What is the remainder when 1703920 is divided by 10018?
860
What is the remainder when 341176 is divided by 247?
69
Calculate the remainder when 2123779 is divided by 8495.
29
Calculate the remainder when 3703804 is divided by 308648.
28
What is the remainder when 104511192 is divided by 15?
12
What is the remainder when 37965623 is divided by 139?
136
What is the remainder when 132746 is divided by 25337?
6061
Calculate the remainder when 1737892 is divided by 770.
2
What is the remainder when 112324 is divided by 22185?
1399
What is the remainder when 2350044 is divided by 429?
411
Calculate the remainder when 238581 is divided by 296.
5
Calculate the remainder when 1527614 is divided by 1527614.
0
What is the remainder when 1256730 is divided by 251292?
270
Calculate the remainder when 474754 is divided by 1283.
44
What is the remainder when 11828952 is divided by 5161?
5101
Calculate the remainder when 377476 is divided by 31.
20
What is the remainder when 161474 is divided by 5382?
14
What is the remainder when 985058 is divided by 28972?
10
Calculate the remainder when 141357 is divided by 140600.
757
What is the remainder when 2560983 is divided by 5163?
135
Calculate the remainder when 57566 is divided by 18266.
2768
What is the remainder when 22520 is divided by 275?
245
What is the remainder when 692949 is divided by 65?
49
Calculate the remainder when 82754 is divided by 256.
66
What is the remainder when 612925 is divided by 193?
150
Calculate the remainder when 8461018 is divided by 857.
714
Calculate the remainder when 3533 is divided by 733.
601
What is the remainder when 24400307 is divided by 226?
217
Calculate the remainder when 389098138 is divided by 11.
0
Calculate the remainder when 1173788 is divided by 391216.
140
Calculate the remainder when 251883 is divided by 81745.
6648
Calculate the remainder when 1318612 is divided by 12445.
11887
What is the remainder when 157756 is divided by 8450?
5656
What is the remainder when 1062914 is divided by 113?
36
Calculate the remainder when 7646 is divided by 3303.
1040
What is the remainder when 29857455 is divided by 117088?
15
What is the remainder when 75550 is divided by 6867?
13
What is the remainder when 3736328 is divided by 747260?
28
Calculate the remainder when 32096727 is divided by 65.
52
What is the remainder when 1237965 is divided by 412636?
57
Calculate the remainder when 7715389 is divided by 524.
13
What is the remainder when 51619 is divided by 7916?
4123
What is the remainder when 418940 is divided by 115?
110
What is the remainder when 7439599 is divided by 18324?
55
What is the remainder when 8253 is divided by 8089?
164
What is the remainder when 207228 is divided by 21?
0
What is the remainder when 122388 is divided by 995?
3
What is the remainder when 11608215 is divided by 334?
45
Calculate the remainder when 180985132 is divided by 60328377.
1
What is the remainder when 24374272 is divided by 251281?
15
What is the remainder when 14947547 is divided by 890?
887
What is the remainder when 411417 is divided by 1896?
1881
What is the remainder when 841397 is divided by 168275?
22
What is the remainder when 3424049 is divided by 70?
69
What is the remainder when 769607 is divided by 256245?
872
What is the remainder when 101142 is divided by 1424?
38
What is the remainder when 1235600672 is divided by 54?
50
Calculate the remainder when 3943535 is divided by 53291.
1
Calculate the remainder when 1167293 is divided by 2634.
431
Calculate the remainder when 1216061 is divided by 2933.
1799
What is the remainder when 72345 is divided by 4015?
75
What is the remainder when 139659 is divided by 95?
9
What is the remainder when 3217052 is divided by 2812?
124
What is the remainder when 798203 is divided by 885?
818
What is the remainder when 193033 is divided by 304?
297
Calculate the remainder when 352237 is divided by 352218.
19
Calculate the remainder when 16347803 is divided by 1084.
1083
What is the remainder when 4302694 is divided by 53?
48
What is the remainder when 23056 is divided by 5323?
1764
What is the remainder when 51064 is divided by 948?
820
Calculate the remainder when 1854596 is divided by 3271.
3210
What is the remainder when 287340 is divided by 57?
3
What is the remainder when 49205404 is divided by 4483?
4479
What is the remainder when 136588695 is divided by 61?
57
Calculate the remainder when 7708200 is divided by 277.
121
What is the remainder when 1586858 is divided by 528946?
20
What is the remainder when 64619679 is divided by 1985?
1974
Calculate the remainder when 2036236 is divided by 1853.
1642
What is the remainder when 38636 is divided by 3060?
1916
What is the remainder when 14408316 is divided by 32451?
72
Calculate the remainder when 355691 is divided by 7258.
49
What is the remainder when 66450988 is divided by 369?
361
What is the remainder when 50870076 is divided by 18?
6
Calculate the remainder when 279513 is divided by 54467.
7178
What is the remainder when 1259452 is divided by 3889?
3305
What is the remainder when 157007 is divided by 5414?
1
What is the remainder when 274953 is divided by 4102?
119
What is the remainder when 19547259 is divided by 1408?
1403
What is the remainder when 403631 is divided by 403585?
46
Calculate the remainder when 87136 is divided by 7282.
7034
What is the remainder when 25289 is divided by 1419?
1166
What is the remainder when 7313 is divided by 1821?
29
What is the remainder when 459643 is divided by 936?
67
Calculate the remainder when 653496 is divided by 59390.
206
Calculate the remainder when 20174584 is divided by 252182.
24
What is the remainder when 382969 is divided by 10076?
81
What is the remainder when 4931567 is divided by 769?
739
What is the remainder when 19298 is divided by 7223?
4852
What is the remainder when 20725882 is divided by 58?
46
Calculate the remainder when 1207036 is divided by 6632.
12
Calculate the remainder when 8154491 is divided by 189.
86
What is the remainder when 78537 is divided by 39267?
3
What is the remainder when 282342 is divided by 5750?
592
Calculate the remainder when 132809 is divided by 33197.
21
Calculate the remainder when 64511391 is divided by 44.
43
What is the remainder when 14816306 is divided by 30549?
41
Calculate the remainder when 304479679 is divided by 356.
355
Calculate the remainder when 21732304 is divided by 419.
31
What is the remainder when 4627468 is divided by 22573?
3
What is the remainder when 502693244 is divided by 329?
326
What is the remainder when 93385740 is divided by 6919?
6916
Calculate the remainder when 3163918 is divided by 1554.
1528
What is the remainder when 870267892 is divided by 187?
186
What is the remainder when 36508211 is divided by 29?
24
What is the remainder when 2516152 is divided by 3610?
3592
Calculate the remainder when 6399 is divided by 1615.
1554
Calculate the remainder when 46184334 is divided by 176.
174
What is the remainder when 8548034 is divided by 131508?
14
Calculate the remainder when 21887094 is divided by 4756.
4738
What is the remainder when 1696288 is divided by 218?
30
Calculate the remainder when 1842353 is divided by 247.
227
